{"id":787,"date":"2018-09-24T17:03:45","date_gmt":"2018-09-24T23:03:45","guid":{"rendered":"http:\/\/intranet.puntoasterisco.net\/alporta.com\/?post_type=product&#038;p=787"},"modified":"2019-11-06T16:42:11","modified_gmt":"2019-11-06T22:42:11","slug":"universal-primer-pro","status":"publish","type":"product","link":"https:\/\/www.alporta.com\/index.php\/producto\/universal-primer-pro\/","title":{"rendered":"Universal Primer Pro"},"content":{"rendered":"","protected":false},"excerpt":{"rendered":"<p>Universal Primer Pro es un primario premium acr\u00edlico de un solo componente dise\u00f1ado para ser usado con la l\u00ednea de cementos auto nivelantes y parches de Bostik. La f\u00f3rmula de penetraci\u00f3n profunda de Universal Primer Pro puede ser utilizada en una gran variedad de sustratos incluyendo concreto, madera, pisos de VCT que est\u00e9n bien adheridos, recubrimientos ep\u00f3xicos, losetas, nivelantes base yeso, as\u00ed como residuos de adhesivos que no se vean afectados por el agua. Universal Primer Pro es un producto de secado r\u00e1pido que se adherir\u00e1 tanto a sustratos porosos como no porosos.<\/p>\n<ul>\n<li>Mejora la adherencia de los cementos auto nivelantes<\/li>\n<li>F\u00f3rmula base agua con bajo contenido de VOC<\/li>\n<li>Secado R\u00e1pido<\/li>\n<\/ul>\n<p>&nbsp;<\/p>\n<p><span style=\"color: #ff0000;\"><a style=\"color: #ff0000;\" href=\"https:\/\/www.alporta.com\/wp-content\/uploads\/2018\/09\/T2337_UniversalPrimerPro_TDS_010816.pdf\">Descargar Ficha T\u00e9cnica<\/a><\/span><\/p>\n","protected":false},"featured_media":791,"template":"","meta":[],"product_brand":[],"product_cat":[155,105],"product_tag":[],"class_list":{"0":"post-787","1":"product","2":"type-product","3":"status-publish","4":"has-post-thumbnail","6":"product_cat-autonivelantes","7":"product_cat-bostik-autonivelantes","9":"first","10":"instock","11":"shipping-taxable","12":"product-type-simple"},"yoast_head":"<!-- This site is optimized with the Yoast SEO plugin v27.5 - https:\/\/yoast.com\/product\/yoast-seo-wordpress\/ -->\n<title>Universal Primer Pro - Alporta<\/title>\n<meta name=\"robots\" content=\"index, follow, max-snippet:-1, max-image-preview:large, max-video-preview:-1\" \/>\n<link rel=\"canonical\" href=\"https:\/\/www.alporta.com\/index.php\/producto\/universal-primer-pro\/\" \/>\n<meta property=\"og:locale\" content=\"es_MX\" \/>\n<meta property=\"og:type\" content=\"article\" \/>\n<meta property=\"og:title\" content=\"Universal Primer Pro - Alporta\" \/>\n<meta property=\"og:description\" content=\"Universal Primer Pro es un primario premium acr\u00edlico de un solo componente dise\u00f1ado para ser usado con la l\u00ednea de cementos auto nivelantes y parches de Bostik. La f\u00f3rmula de penetraci\u00f3n profunda de Universal Primer Pro puede ser utilizada en una gran variedad de sustratos incluyendo concreto, madera, pisos de VCT que est\u00e9n bien adheridos, recubrimientos ep\u00f3xicos, losetas, nivelantes base yeso, as\u00ed como residuos de adhesivos que no se vean afectados por el agua. Universal Primer Pro es un producto de secado r\u00e1pido que se adherir\u00e1 tanto a sustratos porosos como no porosos.   Mejora la adherencia de los cementos auto nivelantes  F\u00f3rmula base agua con bajo contenido de VOC  Secado R\u00e1pido  &nbsp;  Descargar Ficha T\u00e9cnica\" \/>\n<meta property=\"og:url\" content=\"https:\/\/www.alporta.com\/index.php\/producto\/universal-primer-pro\/\" \/>\n<meta property=\"og:site_name\" content=\"Alporta\" \/>\n<meta property=\"article:publisher\" content=\"https:\/\/www.facebook.com\/Alporta-Pisos-282233195273162\" \/>\n<meta property=\"article:modified_time\" content=\"2019-11-06T22:42:11+00:00\" \/>\n<meta property=\"og:image\" content=\"https:\/\/www.alporta.com\/wp-content\/uploads\/2018\/09\/Universal-primerpro.jpg\" \/>\n\t<meta property=\"og:image:width\" content=\"507\" \/>\n\t<meta property=\"og:image:height\" content=\"503\" \/>\n\t<meta property=\"og:image:type\" content=\"image\/jpeg\" \/>\n<meta name=\"twitter:card\" content=\"summary_large_image\" \/>\n<script type=\"application\/ld+json\" class=\"yoast-schema-graph\">{\"@context\":\"https:\\\/\\\/schema.org\",\"@graph\":[{\"@type\":\"WebPage\",\"@id\":\"https:\\\/\\\/www.alporta.com\\\/index.php\\\/producto\\\/universal-primer-pro\\\/\",\"url\":\"https:\\\/\\\/www.alporta.com\\\/index.php\\\/producto\\\/universal-primer-pro\\\/\",\"name\":\"Universal Primer Pro - Alporta\",\"isPartOf\":{\"@id\":\"https:\\\/\\\/www.alporta.com\\\/#website\"},\"primaryImageOfPage\":{\"@id\":\"https:\\\/\\\/www.alporta.com\\\/index.php\\\/producto\\\/universal-primer-pro\\\/#primaryimage\"},\"image\":{\"@id\":\"https:\\\/\\\/www.alporta.com\\\/index.php\\\/producto\\\/universal-primer-pro\\\/#primaryimage\"},\"thumbnailUrl\":\"https:\\\/\\\/www.alporta.com\\\/wp-content\\\/uploads\\\/2018\\\/09\\\/Universal-primerpro.jpg\",\"datePublished\":\"2018-09-24T23:03:45+00:00\",\"dateModified\":\"2019-11-06T22:42:11+00:00\",\"breadcrumb\":{\"@id\":\"https:\\\/\\\/www.alporta.com\\\/index.php\\\/producto\\\/universal-primer-pro\\\/#breadcrumb\"},\"inLanguage\":\"es\",\"potentialAction\":[{\"@type\":\"ReadAction\",\"target\":[\"https:\\\/\\\/www.alporta.com\\\/index.php\\\/producto\\\/universal-primer-pro\\\/\"]}]},{\"@type\":\"ImageObject\",\"inLanguage\":\"es\",\"@id\":\"https:\\\/\\\/www.alporta.com\\\/index.php\\\/producto\\\/universal-primer-pro\\\/#primaryimage\",\"url\":\"https:\\\/\\\/www.alporta.com\\\/wp-content\\\/uploads\\\/2018\\\/09\\\/Universal-primerpro.jpg\",\"contentUrl\":\"https:\\\/\\\/www.alporta.com\\\/wp-content\\\/uploads\\\/2018\\\/09\\\/Universal-primerpro.jpg\",\"width\":507,\"height\":503},{\"@type\":\"BreadcrumbList\",\"@id\":\"https:\\\/\\\/www.alporta.com\\\/index.php\\\/producto\\\/universal-primer-pro\\\/#breadcrumb\",\"itemListElement\":[{\"@type\":\"ListItem\",\"position\":1,\"name\":\"Inicio\",\"item\":\"https:\\\/\\\/www.alporta.com\\\/\"},{\"@type\":\"ListItem\",\"position\":2,\"name\":\"PRODUCTOS\",\"item\":\"https:\\\/\\\/www.alporta.com\\\/index.php\\\/productos\\\/\"},{\"@type\":\"ListItem\",\"position\":3,\"name\":\"Universal Primer Pro\"}]},{\"@type\":\"WebSite\",\"@id\":\"https:\\\/\\\/www.alporta.com\\\/#website\",\"url\":\"https:\\\/\\\/www.alporta.com\\\/\",\"name\":\"Alporta\",\"description\":\"Le damos piso a tus ideas\",\"publisher\":{\"@id\":\"https:\\\/\\\/www.alporta.com\\\/#organization\"},\"potentialAction\":[{\"@type\":\"SearchAction\",\"target\":{\"@type\":\"EntryPoint\",\"urlTemplate\":\"https:\\\/\\\/www.alporta.com\\\/?s={search_term_string}\"},\"query-input\":{\"@type\":\"PropertyValueSpecification\",\"valueRequired\":true,\"valueName\":\"search_term_string\"}}],\"inLanguage\":\"es\"},{\"@type\":\"Organization\",\"@id\":\"https:\\\/\\\/www.alporta.com\\\/#organization\",\"name\":\"Alporta\",\"url\":\"https:\\\/\\\/www.alporta.com\\\/\",\"logo\":{\"@type\":\"ImageObject\",\"inLanguage\":\"es\",\"@id\":\"https:\\\/\\\/www.alporta.com\\\/#\\\/schema\\\/logo\\\/image\\\/\",\"url\":\"https:\\\/\\\/www.alporta.com\\\/wp-content\\\/uploads\\\/2022\\\/06\\\/img151-e1655759068479.jpg\",\"contentUrl\":\"https:\\\/\\\/www.alporta.com\\\/wp-content\\\/uploads\\\/2022\\\/06\\\/img151-e1655759068479.jpg\",\"width\":383,\"height\":160,\"caption\":\"Alporta\"},\"image\":{\"@id\":\"https:\\\/\\\/www.alporta.com\\\/#\\\/schema\\\/logo\\\/image\\\/\"},\"sameAs\":[\"https:\\\/\\\/www.facebook.com\\\/Alporta-Pisos-282233195273162\",\"https:\\\/\\\/www.instagram.com\\\/alporta_pisos\\\/\"]}]}<\/script>\n<!-- \/ Yoast SEO plugin. -->","yoast_head_json":{"title":"Universal Primer Pro - Alporta","robots":{"index":"index","follow":"follow","max-snippet":"max-snippet:-1","max-image-preview":"max-image-preview:large","max-video-preview":"max-video-preview:-1"},"canonical":"https:\/\/www.alporta.com\/index.php\/producto\/universal-primer-pro\/","og_locale":"es_MX","og_type":"article","og_title":"Universal Primer Pro - Alporta","og_description":"Universal Primer Pro es un primario premium acr\u00edlico de un solo componente dise\u00f1ado para ser usado con la l\u00ednea de cementos auto nivelantes y parches de Bostik. La f\u00f3rmula de penetraci\u00f3n profunda de Universal Primer Pro puede ser utilizada en una gran variedad de sustratos incluyendo concreto, madera, pisos de VCT que est\u00e9n bien adheridos, recubrimientos ep\u00f3xicos, losetas, nivelantes base yeso, as\u00ed como residuos de adhesivos que no se vean afectados por el agua. Universal Primer Pro es un producto de secado r\u00e1pido que se adherir\u00e1 tanto a sustratos porosos como no porosos.   Mejora la adherencia de los cementos auto nivelantes  F\u00f3rmula base agua con bajo contenido de VOC  Secado R\u00e1pido  &nbsp;  Descargar Ficha T\u00e9cnica","og_url":"https:\/\/www.alporta.com\/index.php\/producto\/universal-primer-pro\/","og_site_name":"Alporta","article_publisher":"https:\/\/www.facebook.com\/Alporta-Pisos-282233195273162","article_modified_time":"2019-11-06T22:42:11+00:00","og_image":[{"width":507,"height":503,"url":"https:\/\/www.alporta.com\/wp-content\/uploads\/2018\/09\/Universal-primerpro.jpg","type":"image\/jpeg"}],"twitter_card":"summary_large_image","schema":{"@context":"https:\/\/schema.org","@graph":[{"@type":"WebPage","@id":"https:\/\/www.alporta.com\/index.php\/producto\/universal-primer-pro\/","url":"https:\/\/www.alporta.com\/index.php\/producto\/universal-primer-pro\/","name":"Universal Primer Pro - Alporta","isPartOf":{"@id":"https:\/\/www.alporta.com\/#website"},"primaryImageOfPage":{"@id":"https:\/\/www.alporta.com\/index.php\/producto\/universal-primer-pro\/#primaryimage"},"image":{"@id":"https:\/\/www.alporta.com\/index.php\/producto\/universal-primer-pro\/#primaryimage"},"thumbnailUrl":"https:\/\/www.alporta.com\/wp-content\/uploads\/2018\/09\/Universal-primerpro.jpg","datePublished":"2018-09-24T23:03:45+00:00","dateModified":"2019-11-06T22:42:11+00:00","breadcrumb":{"@id":"https:\/\/www.alporta.com\/index.php\/producto\/universal-primer-pro\/#breadcrumb"},"inLanguage":"es","potentialAction":[{"@type":"ReadAction","target":["https:\/\/www.alporta.com\/index.php\/producto\/universal-primer-pro\/"]}]},{"@type":"ImageObject","inLanguage":"es","@id":"https:\/\/www.alporta.com\/index.php\/producto\/universal-primer-pro\/#primaryimage","url":"https:\/\/www.alporta.com\/wp-content\/uploads\/2018\/09\/Universal-primerpro.jpg","contentUrl":"https:\/\/www.alporta.com\/wp-content\/uploads\/2018\/09\/Universal-primerpro.jpg","width":507,"height":503},{"@type":"BreadcrumbList","@id":"https:\/\/www.alporta.com\/index.php\/producto\/universal-primer-pro\/#breadcrumb","itemListElement":[{"@type":"ListItem","position":1,"name":"Inicio","item":"https:\/\/www.alporta.com\/"},{"@type":"ListItem","position":2,"name":"PRODUCTOS","item":"https:\/\/www.alporta.com\/index.php\/productos\/"},{"@type":"ListItem","position":3,"name":"Universal Primer Pro"}]},{"@type":"WebSite","@id":"https:\/\/www.alporta.com\/#website","url":"https:\/\/www.alporta.com\/","name":"Alporta","description":"Le damos piso a tus ideas","publisher":{"@id":"https:\/\/www.alporta.com\/#organization"},"potentialAction":[{"@type":"SearchAction","target":{"@type":"EntryPoint","urlTemplate":"https:\/\/www.alporta.com\/?s={search_term_string}"},"query-input":{"@type":"PropertyValueSpecification","valueRequired":true,"valueName":"search_term_string"}}],"inLanguage":"es"},{"@type":"Organization","@id":"https:\/\/www.alporta.com\/#organization","name":"Alporta","url":"https:\/\/www.alporta.com\/","logo":{"@type":"ImageObject","inLanguage":"es","@id":"https:\/\/www.alporta.com\/#\/schema\/logo\/image\/","url":"https:\/\/www.alporta.com\/wp-content\/uploads\/2022\/06\/img151-e1655759068479.jpg","contentUrl":"https:\/\/www.alporta.com\/wp-content\/uploads\/2022\/06\/img151-e1655759068479.jpg","width":383,"height":160,"caption":"Alporta"},"image":{"@id":"https:\/\/www.alporta.com\/#\/schema\/logo\/image\/"},"sameAs":["https:\/\/www.facebook.com\/Alporta-Pisos-282233195273162","https:\/\/www.instagram.com\/alporta_pisos\/"]}]}},"_links":{"self":[{"href":"https:\/\/www.alporta.com\/index.php\/wp-json\/wp\/v2\/product\/787","targetHints":{"allow":["GET"]}}],"collection":[{"href":"https:\/\/www.alporta.com\/index.php\/wp-json\/wp\/v2\/product"}],"about":[{"href":"https:\/\/www.alporta.com\/index.php\/wp-json\/wp\/v2\/types\/product"}],"wp:featuredmedia":[{"embeddable":true,"href":"https:\/\/www.alporta.com\/index.php\/wp-json\/wp\/v2\/media\/791"}],"wp:attachment":[{"href":"https:\/\/www.alporta.com\/index.php\/wp-json\/wp\/v2\/media?parent=787"}],"wp:term":[{"taxonomy":"product_brand","embeddable":true,"href":"https:\/\/www.alporta.com\/index.php\/wp-json\/wp\/v2\/product_brand?post=787"},{"taxonomy":"product_cat","embeddable":true,"href":"https:\/\/www.alporta.com\/index.php\/wp-json\/wp\/v2\/product_cat?post=787"},{"taxonomy":"product_tag","embeddable":true,"href":"https:\/\/www.alporta.com\/index.php\/wp-json\/wp\/v2\/product_tag?post=787"}],"curies":[{"name":"wp","href":"https:\/\/api.w.org\/{rel}","templated":true}]}}